h be (-1 - 10/1)*-1. What is the greatest common divisor of d and h?
11
Suppose 32 = -2*h + 12. Let r be -176*(-3 + h/(-4)). Suppose -10*w + 35 = -45. Calculate the highest common divisor of r and w.
8
Let h = -38 + 39. Let n be 70 - 3/(-2 - h/(-2)). Calculate the greatest common factor of n and 16.
8
Let d = 74 + -38. Suppose 0 = -4*c + d + 240. Suppose 106 = 5*s - c. Calculate the highest common divisor of 7 and s.
7
Suppose -6*j + 1288 = -704. Calculate the highest common divisor of j and 4.
4
Suppose -19*o + 14*o = -15. Suppose -o = -2*l + l. What is the highest common divisor of l and 6?
3
Suppose 135 = -2*p + 11*p. What is the highest common factor of p and 20?
5
Suppose 27*w - 22*w = 10. Let b be (12/18)/((w/(-147))/(-1)). What is the greatest common factor of 49 and b?
49
Let x be 2 + 5 + -4 + 5. What is the highest common divisor of x and 72?
8
Suppose -2*c - 12 = 5*q, -2*c = 3*q - q + 6. Let t = 7 + q. Suppose -3*m = -3*a + 234, 2*a + 0*m - 135 = -t*m. Calculate the greatest common factor of 15 and a.
15
Let b = 172 + -150. What is the greatest common factor of 22 and b?
22
Let j be (1 - 1*6)*3584/(-128). Calculate the greatest common factor of 35 and j.
35
Suppose 4*w - 9 = 3. Suppose 7*a + 55 - 118 = 0. What is the greatest common factor of a and w?
3
Let x = 26 - 19. Suppose -x*r = -r - 42. Let a(d) = -d + 6. Let n be a(5). What is the greatest common divisor of r and n?
1
Suppose -2*g = 4*g - 36156. Let y be 2/(-5) - g/(-115). What is the highest common divisor of y and 13?
13
Let f(m) = m**2 - 8*m - 3. Let s be f(-3). Calculate the highest common factor of s and 410.
10
Let m = 31 + 9. Suppose 5*g + 95 = -378*z + 381*z, 0 = -3*z - 3*g + 87. What is the highest common factor of m and z?
10
Let n be -84*(93/9 - 11). What is the greatest common factor of n and 203?
7
Let d be 0/(-2) - (-4)/(-2). Let s(f) = -3*f + 1. Let j be s(d). Let b = -6578 + 6599. What is the highest common factor of b and j?
7
Let l(i) = -82*i + 864. Let d be l(10). Calculate the highest common divisor of d and 209.
11
Let a = 29 - 13. Let s be 7 - 12/4 - -52. Let r = s + -40. Calculate the highest common factor of r and a.
16
Let y = 21 - 43. Let c be (-1 + 11)/((-1)/y). Suppose 4*h = 2*h + c. What is the greatest common divisor of h and 44?
22
Let c(r) = 8*r + 69. Let a be c(17). What is the greatest common factor of a and 41?
41
Let w be (4/8)/(1/(-2)). Let n = -7 + w. Let k(t) = -t**3 - 8*t**2 - 12*t - 6. Let x be k(n). What is the highest common factor of x and 18?
18
Let j(p) = p**2 - 3*p - 3. Let k be j(-2). Let f = k - 19. Let o be 21 - 4/((-16)/f). Calculate the greatest common divisor of 144 and o.
18
Let j be 4*((-55)/4)/(-5). Suppose -2*z + 123 = j. Let n = 32 + -18. What is the greatest common divisor of n and z?
14
Suppose 7*s = 8*s + 4. Let q be (-43)/(-4) - (-3)/s. Calculate the greatest common divisor of q and 70.
10
Suppose 5*q + 4 = 3*c + 3, 2*c + 4*q = 8. Suppose -3*h = -6, 3*a = c*h + 3*h + 98. Calculate the highest common factor of 54 and a.
18
Let k = 5 + 1. Let q be (-50)/(-3) + (-4)/k. Let l = q + 0. Calculate the greatest common factor of 8 and l.
8
Let k = -7 + 11. Suppose 0 = 3*o - 3*g - 117, -k*g = -9*g. What is the highest common factor of o and 195?
39
Let u(k) = -k**2 + 25*k - 19. Let w be u(24). Suppose 0*d = 8*d - 320. What is the highest common divisor of d and w?
5
Let h be ((-3)/((-12)/(-10)))/(8/(-112)). Let b = 536 - 361. Calculate the highest common factor of h and b.
35
Let y(f) = 4*f - 2. Let p be y(4). Let v be (-8)/p*(-14)/4. Suppose -v*u = -u + 2*z - 109, -2*u = z - 212. What is the greatest common divisor of 21 and u?
21
Suppose -3*h = -h - b - 433, -5*b = -2*h + 437. Let z be 25/5 + (16 - (-2 + -1)). Calculate the highest common factor of z and h.
24
Let i be (-1)/(-5 - (-54)/12). Let s be (16/10)/((-4)/(-210)). Suppose -c - 28 = -i*c + 2*u, 3*u = 3*c - s. Calculate the greatest common divisor of c and 4.
4
Suppose -4*w + t - 164 = 0, -3*t = w - 8 + 49. Let s = 49 - w. Calculate the highest common divisor of s and 30.
30
Suppose -x - 3 - 6 = s, 5*x = -4*s - 46. Let w be (0 + -1)/(2/x). Calculate the highest common divisor of w and 80.
5
Suppose -13 + 13 = -v. Suppose v = -2*o + 6*o - 168. What is the greatest common divisor of o and 210?
42
Suppose 7*x - 4*x = -24. Let u be 92/x*(-1 - 5). Calculate the highest common divisor of u and 23.
23
Let d = -635 + 1511. Let s = 1296 - d. Let y = s - 228. What is the highest common divisor of y and 24?
24
Suppose -11*n + 2223 = -2375. Calculate the greatest common factor of 66 and n.
22
Let x be 2/(-10) + 22/10. Suppose -3*w - 4*q + 36 = -q, 4 = -x*q. Let v(z) = 3*z**2 + 76*z - 241. Let k be v(3). What is the greatest common factor of k and w?
14
Let h(w) = -3*w**2 - 4. Let l be h(-3). Let v = 24 + l. Let j be (v/3)/(6/(-54)). Calculate the highest common divisor of j and 3.
3
Suppose 4*d - 295 = 5*y, -4*y = 4*d - 102 - 166. Let n(v) = -v**3 - 4*v**2 - 4*v - 2. Let i be n(-4). What is the highest common divisor of d and i?
14
Let p(l) = l**2 - 6*l - 36. Let a be p(10). Let h = 7 + 21. Suppose 172 = a*j - 5*v - h, 0 = -4*j - 5*v + 160. What is the greatest common factor of j and 9?
9
Suppose 0 = 4*z + 4*v - 432, -2*z + 3*v + 224 = 7*v. Let x be 90 - (4 + 12 + -4). What is the highest common factor of z and x?
26
Let n = 593 - 582. Let j = 196 + -75. Calculate the highest common divisor of n and j.
11
Suppose 7*x = 8*x - m - 308, m - 298 = -x. What is the highest common divisor of x and 3?
3
Let r(n) = n**3 - 11*n**2 + 7*n + 13. Let s be r(11). What is the highest common factor of s and 60?
30
Let m be (-3)/(-21) - 2375/(-133). Suppose -4*g + 3*p + 777 = 0, -5*g - 3*p - 161 + 1166 = 0. Calculate the greatest common factor of g and m.
18
Suppose 2*m - 233 = 71. Let j = m + -119. What is the highest common factor of j and 231?
33
Suppose -17*z + 16*z = -5. Suppose 4 = -z*u + 24. Calculate the highest common divisor of 88 and u.
4
Suppose 4*x = -0*r + 4*r - 24, -x - 14 = -5*r. Let f = 0 + r. Let u be (f - 3)*3 + 6. What is the highest common factor of 1 and u?
1
Suppose d + f + 4*f = -20, f = -5. Suppose -4*q = -d*r + 50, -5*r + 6*q + 55 = q. Let t = r + -2. Calculate the highest common divisor of 6 and t.
2
Let a = -108 - -111. Suppose a*u - 18 = 42. What is the highest common divisor of u and 110?
10
Suppose -g = 5*n - 41, 2*g - 2*n - 3*n - 157 = 0. Let u = -48 + g. What is the highest common factor of 72 and u?
18
Let o be (1 - 5)/(3/(-264)). Calculate the greatest common factor of o and 22.
22
Let b be 19/(-133) + 547/7. What is the greatest common divisor of b and 10?
2
Let r = -48 + 56. Suppose -r = 3*g - 116. Calculate the greatest common divisor of 396 and g.
36
Suppose 0 = -3*j + 2*f + 279, 10*f + 372 = 4*j + 13*f. What is the highest common factor of j and 3?
3
Suppose -g + 12 = 3*g + 3*l, -4*g + 5*l = -12. Suppose -8*q + g = -5*q. What is the greatest common divisor of 1 and q?
1
Let v be 14/(-91) + 1*3555/39. Let t be (v/7 - 2)/((-1)/(-31)). Calculate the greatest common factor of 31 and t.
31
Let k = -583 - -607. What is the greatest common divisor of 1176 and k?
24
Let q be -1*3 - (5 - 11). Suppose 348 = 3*z + q*v, 4*z - v - 562 = -78. Suppose -242 + 92 = -5*t. Calculate the highest common factor of z and t.
30
Let u = 1414 + -1399. Calculate the highest common factor of u and 5955.
15
Let c(l) = 5*l - 35. Let p be c(25). Let u = -52 + p. Let q = 192 + -97. What is the highest common divisor of q and u?
19
Let g = -27 + -50. Let r be g/(-63)*12 - (-1)/3. What is the greatest common divisor of 5 and r?
5
Let q be (-2024)/(-143) - 4/26. Calculate the greatest common divisor of q and 14.
14
Let p(l) be the first derivative of l**3/3 + 9*l**2/2 - 6*l - 8. Let y be p(-10). Calculate the greatest common factor of 3 and y.
1
Suppose 1722*z = 1723*z - 190. Calculate the greatest common divisor of z and 665.
95
Let q(s) = s**2 - 19*s + 259. Let n be q(17). Calculate the greatest common factor of 36 and n.
9
Suppose 3*k - 27 = 123. Let z = 81 - k. What is the greatest common divisor of 155 and z?
31
Let g(b) = b**2 + 3*b + 6. Let i = -11 + 4. Let y(o) = o**3 + 8*o**2 + 7*o - 9. Let t be y(i). Let w be g(t). What is the greatest common divisor of w and 20?
20
Let o be 2